{"id":577,"date":"2025-04-12T15:16:41","date_gmt":"2025-04-12T13:16:41","guid":{"rendered":"https:\/\/www.abl-kenzingen.de\/?page_id=577"},"modified":"2026-03-22T12:40:17","modified_gmt":"2026-03-22T11:40:17","slug":"antraege-und-arbeit-im-gemeinderat","status":"publish","type":"page","link":"https:\/\/www.abl-kenzingen.de\/index.php\/antraege-und-arbeit-im-gemeinderat\/","title":{"rendered":"Arbeit im Gemeinderat"},"content":{"rendered":"\t\t<div data-elementor-type=\"wp-page\" data-elementor-id=\"577\" class=\"elementor elementor-577\">\n\t\t\t\t<div class=\"elementor-element elementor-element-0420d6e e-grid e-con-boxed wpr-particle-no wpr-jarallax-no wpr-parallax-no wpr-sticky-section-no e-con e-parent\" data-id=\"0420d6e\" data-element_type=\"container\">\n\t\t\t\t\t<div class=\"e-con-inner\">\n\t\t\t\t<div class=\"elementor-element elementor-element-57db4cb elementor-widget elementor-widget-text-editor\" data-id=\"57db4cb\" data-element_type=\"widget\" data-widget_type=\"text-editor.default\">\n\t\t\t\t<div class=\"elementor-widget-container\">\n\t\t\t\t\t\t\t\t\t<p><strong>Antr\u00e4ge ab 2024<\/strong><\/p><p><a href=\"http:\/\/www.abl-kenzingen.de\/wp-content\/uploads\/2025\/04\/Antrag-Verbindungsstelle-Kita-7.8.24-3.pdf\">Antrag Verbindungsstelle Kita 7.8.24<\/a><\/p><p>Diese Stelle haben wir schnell nach der Wahl gefordert. Dies war ein grosses Bed\u00fcrfnis f\u00fcr die Kitas und den aktiven Initiativen<strong>. Vielen Dank an die Stadt f\u00fcr die schnelle Umsetzung!<\/strong><\/p><p>&#8212;&#8212;&#8212;&#8212;&#8212;&#8212;&#8212;&#8212;&#8212;&#8212;&#8212;&#8211;<\/p><p><strong>Antr\u00e4ge 2025<\/strong><\/p><p><a href=\"http:\/\/www.abl-kenzingen.de\/wp-content\/uploads\/2025\/04\/Antrag-Klausur-Betreuung-Kenzingen-02.25-1.pdf\">Antrag Klausur Betreuung Kenzingen 02.25<\/a><\/p><p>Auf Antrag der ABL Fraktion wurde eine Klausur geplant. Hier soll es um die Planung der \u00dcberg\u00e4nge, die perspektivischen \u00dcberlegungen (Abgleich in den Fraktionen) sowie der Entwicklung von Ideen gehen. Wir freuen uns auf die Klausur.\u00a0<\/p><p><a href=\"http:\/\/www.abl-kenzingen.de\/wp-content\/uploads\/2025\/09\/20250724_Antrag-Planung-Veraenderung-Kita-Wonnental-Kenzingen.pdf\">20250724_Antrag Planung Ver\u00e4nderung Kita Wonnental Kenzingen<\/a><\/p><p>Wir setzen uns f\u00fcr die notwendigen baulichen Ver\u00e4nderungen in der Kita Wonnental ein. Hier wird dringend ein Raum f\u00fcr Eltern- und Mitarbeitergesp\u00e4che ben\u00f6tigt.\u00a0<\/p><p><strong>Leider abgelehnt!!\u00a0<\/strong><\/p><p><a href=\"http:\/\/www.abl-kenzingen.de\/wp-content\/uploads\/2025\/09\/Antrag-20-Erhoehung-Stellenanteil-Schulsozialarbeit-final-19.8.25.pdf\">Antrag 20%-Erh\u00f6hung Stellenanteil Schulsozialarbeit final 19.8.25<\/a><\/p><p>Besonders in der Drei-Linden-Grundschule Hecklingen mit Aussenstelle Nordweil gibt es keine Angebot in der Schulsozialarbeit. Der dortige F\u00f6rderverein unterst\u00fctzt und finanziert eine Vielzahl von Projekten zum Thema &#8222;Mein K\u00f6rper geh\u00f6rt mir&#8220; etc. Eine Vertiefung der Themen im schulischen Alltag durch eine fachliche Begleitung der Schulsozialarbeit ist sehr wichtig.\u00a0<\/p><p><strong>DONE!! Start am 1.3.26<\/strong><\/p><p><strong>Haushaltsreden:\u00a0<\/strong><\/p><p>Hubert Klimmek:\u00a0<\/p><p><a href=\"http:\/\/www.abl-kenzingen.de\/wp-content\/uploads\/2025\/04\/Haushaltsrede-ABL-23.01.2025-final-.pdf\">Haushaltsrede ABL 23.01.2025 final<\/a><\/p><p>&#8212;&#8212;&#8212;&#8212;&#8212;&#8212;&#8212;&#8212;&#8212;&#8212;&#8212;&#8212;<\/p><p><strong>Antr\u00e4ge 2026\u00a0<\/strong><\/p><p><a href=\"http:\/\/www.abl-kenzingen.de\/wp-content\/uploads\/2026\/03\/Haushaltsrede-ABL-2026-final-Amtsblatt-.pdf\">Haushaltsrede ABL 2026 final Amtsblatt<\/a><\/p><p>Am 19.3. 26 haben wir einen Antrag zu den Hallengeb\u00fchrenerh\u00f6hung gestellt. Die Erh\u00f6hung soll erst zum 1.1.27 umgesetzt werden. Ziel ist die M\u00f6glichkeit, den Vereinen mit wenig Einnahmen Zeit zu verschaffen, gemeinsam mit Stadtverwaltung und Gemeinderat Kompensationen zu schaffen.<\/p><p><a href=\"http:\/\/www.abl-kenzingen.de\/wp-content\/uploads\/2026\/03\/Antrag-ABL-Hallengebuehren-19.3.26.pdf\">Antrag ABL Hallengeb\u00fchren 19.3.26<\/a>\u00a0<\/p>\t\t\t\t\t\t\t\t<\/div>\n\t\t\t\t<\/div>\n\t\t<div class=\"elementor-element elementor-element-c285ef8 e-grid e-con-full wpr-particle-no wpr-jarallax-no wpr-parallax-no wpr-sticky-section-no e-con e-child\" data-id=\"c285ef8\" data-element_type=\"container\">\n\t\t\t\t<\/div>\n\t\t\t\t\t<\/div>\n\t\t\t\t<\/div>\n\t\t\t\t<\/div>\n\t\t","protected":false},"excerpt":{"rendered":"<p>Antr\u00e4ge ab 2024 Antrag Verbindungsstelle Kita 7.8.24 Diese Stelle haben wir schnell nach der Wahl gefordert. Dies war ein grosses Bed\u00fcrfnis f\u00fcr die Kitas und den aktiven Initiativen. Vielen Dank an die Stadt f\u00fcr die schnelle Umsetzung! &#8212;&#8212;&#8212;&#8212;&#8212;&#8212;&#8212;&#8212;&#8212;&#8212;&#8212;&#8211; Antr\u00e4ge 2025 Antrag Klausur Betreuung Kenzingen 02.25 Auf Antrag der ABL Fraktion wurde eine Klausur geplant. Hier soll es um die Planung der \u00dcberg\u00e4nge, die perspektivischen \u00dcberlegungen (Abgleich in den Fraktionen) sowie der Entwicklung von Ideen gehen. Wir freuen uns auf die Klausur.\u00a0 20250724_Antrag Planung Ver\u00e4nderung Kita Wonnental Kenzingen Wir setzen uns f\u00fcr die notwendigen baulichen Ver\u00e4nderungen in der Kita Wonnental ein. Hier wird dringend ein Raum f\u00fcr Eltern- und Mitarbeitergesp\u00e4che ben\u00f6tigt.\u00a0 Leider abgelehnt!!\u00a0 Antrag 20%-Erh\u00f6hung Stellenanteil Schulsozialarbeit final 19.8.25 Besonders in der Drei-Linden-Grundschule Hecklingen mit Aussenstelle Nordweil gibt es keine Angebot in der Schulsozialarbeit. Der dortige F\u00f6rderverein unterst\u00fctzt und finanziert eine Vielzahl von Projekten zum Thema &#8222;Mein K\u00f6rper geh\u00f6rt mir&#8220; etc. Eine Vertiefung der Themen im schulischen Alltag durch eine fachliche Begleitung der Schulsozialarbeit ist sehr wichtig.\u00a0 DONE!! Start am 1.3.26 Haushaltsreden:\u00a0 Hubert Klimmek:\u00a0 Haushaltsrede ABL 23.01.2025 final &#8212;&#8212;&#8212;&#8212;&#8212;&#8212;&#8212;&#8212;&#8212;&#8212;&#8212;&#8212; Antr\u00e4ge 2026\u00a0 Haushaltsrede ABL 2026 final Amtsblatt Am 19.3. 26 haben wir einen Antrag zu den Hallengeb\u00fchrenerh\u00f6hung gestellt. Die Erh\u00f6hung soll erst zum 1.1.27 umgesetzt werden. Ziel ist die M\u00f6glichkeit, den Vereinen mit wenig Einnahmen Zeit zu verschaffen, gemeinsam mit Stadtverwaltung und Gemeinderat Kompensationen zu schaffen. Antrag ABL Hallengeb\u00fchren 19.3.26\u00a0<\/p>\n","protected":false},"author":1,"featured_media":0,"parent":0,"menu_order":0,"comment_status":"closed","ping_status":"closed","template":"","meta":{"site-sidebar-layout":"default","site-content-layout":"","ast-site-content-layout":"default","site-content-style":"default","site-sidebar-style":"default","ast-global-header-display":"","ast-banner-title-visibility":"","ast-main-header-display":"","ast-hfb-above-header-display":"","ast-hfb-below-header-display":"","ast-hfb-mobile-header-display":"","site-post-title":"","ast-breadcrumbs-content":"","ast-featured-img":"","footer-sml-layout":"","theme-transparent-header-meta":"","adv-header-id-meta":"","stick-header-meta":"","header-above-stick-meta":"","header-main-stick-meta":"","header-below-stick-meta":"","astra-migrate-meta-layouts":"default","ast-page-background-enabled":"default","ast-page-background-meta":{"desktop":{"background-color":"var(--ast-global-color-4)","background-image":"","background-repeat":"repeat","background-position":"center center","background-size":"auto","background-attachment":"scroll","background-type":"","background-media":"","overlay-type":"","overlay-color":"","overlay-opacity":"","overlay-gradient":""},"tablet":{"background-color":"","background-image":"","background-repeat":"repeat","background-position":"center center","background-size":"auto","background-attachment":"scroll","background-type":"","background-media":"","overlay-type":"","overlay-color":"","overlay-opacity":"","overlay-gradient":""},"mobile":{"background-color":"","background-image":"","background-repeat":"repeat","background-position":"center center","background-size":"auto","background-attachment":"scroll","background-type":"","background-media":"","overlay-type":"","overlay-color":"","overlay-opacity":"","overlay-gradient":""}},"ast-content-background-meta":{"desktop":{"background-color":"var(--ast-global-color-5)","background-image":"","background-repeat":"repeat","background-position":"center center","background-size":"auto","background-attachment":"scroll","background-type":"","background-media":"","overlay-type":"","overlay-color":"","overlay-opacity":"","overlay-gradient":""},"tablet":{"background-color":"var(--ast-global-color-5)","background-image":"","background-repeat":"repeat","background-position":"center center","background-size":"auto","background-attachment":"scroll","background-type":"","background-media":"","overlay-type":"","overlay-color":"","overlay-opacity":"","overlay-gradient":""},"mobile":{"background-color":"var(--ast-global-color-5)","background-image":"","background-repeat":"repeat","background-position":"center center","background-size":"auto","background-attachment":"scroll","background-type":"","background-media":"","overlay-type":"","overlay-color":"","overlay-opacity":"","overlay-gradient":""}},"footnotes":""},"class_list":["post-577","page","type-page","status-publish","hentry"],"_links":{"self":[{"href":"https:\/\/www.abl-kenzingen.de\/index.php\/wp-json\/wp\/v2\/pages\/577","targetHints":{"allow":["GET"]}}],"collection":[{"href":"https:\/\/www.abl-kenzingen.de\/index.php\/wp-json\/wp\/v2\/pages"}],"about":[{"href":"https:\/\/www.abl-kenzingen.de\/index.php\/wp-json\/wp\/v2\/types\/page"}],"author":[{"embeddable":true,"href":"https:\/\/www.abl-kenzingen.de\/index.php\/wp-json\/wp\/v2\/users\/1"}],"replies":[{"embeddable":true,"href":"https:\/\/www.abl-kenzingen.de\/index.php\/wp-json\/wp\/v2\/comments?post=577"}],"version-history":[{"count":49,"href":"https:\/\/www.abl-kenzingen.de\/index.php\/wp-json\/wp\/v2\/pages\/577\/revisions"}],"predecessor-version":[{"id":744,"href":"https:\/\/www.abl-kenzingen.de\/index.php\/wp-json\/wp\/v2\/pages\/577\/revisions\/744"}],"wp:attachment":[{"href":"https:\/\/www.abl-kenzingen.de\/index.php\/wp-json\/wp\/v2\/media?parent=577"}],"curies":[{"name":"wp","href":"https:\/\/api.w.org\/{rel}","templated":true}]}}