{"id":8,"date":"2024-04-09T05:11:17","date_gmt":"2024-04-09T03:11:17","guid":{"rendered":"http:\/\/relaunch.abl-kenzingen.de\/wordpress\/?page_id=8"},"modified":"2025-04-12T15:44:45","modified_gmt":"2025-04-12T13:44:45","slug":"startseite","status":"publish","type":"page","link":"https:\/\/www.abl-kenzingen.de\/index.php\/startseite\/","title":{"rendered":"Wer wir sind&#8230;"},"content":{"rendered":"\t\t<div data-elementor-type=\"wp-page\" data-elementor-id=\"8\" class=\"elementor elementor-8\">\n\t\t\t\t<div class=\"elementor-element elementor-element-10d15e1 e-con-full e-flex wpr-particle-no wpr-jarallax-no wpr-parallax-no wpr-sticky-section-no e-con e-parent\" data-id=\"10d15e1\" data-element_type=\"container\" data-settings=\"{&quot;background_background&quot;:&quot;classic&quot;}\">\n\t\t\t\t<\/div>\n\t\t<div class=\"elementor-element elementor-element-0b73441 e-flex e-con-boxed wpr-particle-no wpr-jarallax-no wpr-parallax-no wpr-sticky-section-no e-con e-parent\" data-id=\"0b73441\" data-element_type=\"container\">\n\t\t\t\t\t<div class=\"e-con-inner\">\n\t\t\t\t<div class=\"elementor-element elementor-element-501e522 elementor-widget elementor-widget-heading\" data-id=\"501e522\" data-element_type=\"widget\" data-widget_type=\"heading.default\">\n\t\t\t\t<div class=\"elementor-widget-container\">\n\t\t\t\t\t<h2 class=\"elementor-heading-title elementor-size-default\">R\u00fcckschau: \nVon \u201eAlternativ\u201c zu \u201eAktiv\u201c - Namens\u00e4nderung der ABL <\/h2>\t\t\t\t<\/div>\n\t\t\t\t<\/div>\n\t\t\t\t\t<\/div>\n\t\t\t\t<\/div>\n\t\t<div class=\"elementor-element elementor-element-33660c7 e-flex e-con-boxed wpr-particle-no wpr-jarallax-no wpr-parallax-no wpr-sticky-section-no e-con e-parent\" data-id=\"33660c7\" data-element_type=\"container\">\n\t\t\t\t\t<div class=\"e-con-inner\">\n\t\t\t\t<div class=\"elementor-element elementor-element-2c6e288 elementor-widget elementor-widget-text-editor\" data-id=\"2c6e288\" data-element_type=\"widget\" data-widget_type=\"text-editor.default\">\n\t\t\t\t<div class=\"elementor-widget-container\">\n\t\t\t\t\t\t\t\t\t<p><strong>Zur Kommunalwahl am 9. Juni 2024 benennt sich die bisherige \u201eAlternative B\u00fcrgerliste\u201c um in \u201eAktive B\u00fcrgerliste \u2013 ABL\u201c.<\/strong><\/p><p>Aktiv, engagiert und vielf\u00e4ltig \u2013 so pr\u00e4sentieren sich die 22 Kandidierenden der ABL f\u00fcr die Kommunalwahl 2024. Zus\u00e4tzlich zu den vertrauten Gesichtern haben sich weitere Menschen mit interessanten Profilen zusammengefunden. So \u00fcberrascht es wenig, dass auch der Listenname eine Neuerung erf\u00e4hrt und die ABL k\u00fcnftig als \u201eAktive B\u00fcrgerliste \u2013 ABL\u201c ins kommunalpolitische Rennen geht.<\/p><p>Der Name ABL ist bei der Kenzinger W\u00e4hlerschaft seit 40 Jahren etabliert \u2013 ein klarer Grund daf\u00fcr, das K\u00fcrzel zu erhalten. Doch \u201ealternativ\u201c sei in der heutigen Zeit keine Option mehr f\u00fcr die ABL, so Fraktionssprecher Georg Beck. \u201eAktiv\u201c hingegen beschreibt die Kandidierenden sehr treffend, denn genau das sind sie: B\u00fcrgerinnen und B\u00fcrger, die sich aktiv f\u00fcr das Wohl der Gemeinde einsetzen und deren Zukunft voranbringen m\u00f6chten. <br \/>Von der Studentin bis zum Rentner bilden die Profile einen bunten Querschnitt der Gesellschaft ab. Viele von ihnen engagieren sich bereits in unterschiedlichsten Bereichen: Gr\u00fcndungsmitglieder der B\u00fcrgergemeinschaft Kenzingen (BGK) sind an Bord, ebenso Vertreterinnen und Vertreter einer Betreuungs- sowie einer Mobilit\u00e4tsinitiative. Auch zahlreiche Ehren\u00e4mter in gro\u00dfer Vielfalt \u00fcben die Kandidierenden aus, so z. B. Mitarbeit beim Multi-Kulti Caf\u00e9 oder in der B\u00fccherei, Vereinsarbeit etc.<\/p><p>Die Liste der ABL ist in folgender Reihung besetzt: Georg Beck, Andrea Bold, Hubert Klimmek, Antje Knapp-Striegel, Robert Richter, Susanne Eckermann, Michael Ohnemus, Julia Kleinst\u00fcck, Tobias Holzer, Antonia H\u00fcbner-Kruzinna, Reinhard Meier-Musahl, Tatjana Gei\u00dfler, Thomas Reichenbach, Bettina M\u00fcller, Hans-J\u00fcrgen van Akkeren, Vanessa Conens, J\u00f6rg Rudolph, \u00c5sa Alderin, Marek T\u00f6bich, Nadine Gunzelmann, Klaus G\u00f6rlitz und Judith Fr\u00fch.<\/p><p>Im \u00dcbrigen ist es bei der ABL Tradition, die Liste mit Frauen und M\u00e4nnern durchweg parit\u00e4tisch zu besetzen. Georg Beck dazu: \u201eWir legen schon immer einen gro\u00dfen Wert auf ein ausgeglichenes Geschlechterverh\u00e4ltnis in der ABL. Der Gemeinderat sollte die Gesellschaft widerspiegeln, und wer Frauen im Rat sehen will, der sollte sie auch w\u00e4hlen!\u201c<br \/>Die Vertreterinnen und Vertreter der \u201eAktiven B\u00fcrgerliste &#8211; ABL\u201c sind allesamt positiv gestimmt f\u00fcr die Kommunalwahl und w\u00fcnschen sich einen fairen Wahlkampf.<\/p>\t\t\t\t\t\t\t\t<\/div>\n\t\t\t\t<\/div>\n\t\t\t\t\t<\/div>\n\t\t\t\t<\/div>\n\t\t\t\t<\/div>\n\t\t","protected":false},"excerpt":{"rendered":"<p>R\u00fcckschau: Von \u201eAlternativ\u201c zu \u201eAktiv\u201c &#8211; Namens\u00e4nderung der ABL Zur Kommunalwahl am 9. Juni 2024 benennt sich die bisherige \u201eAlternative B\u00fcrgerliste\u201c um in \u201eAktive B\u00fcrgerliste \u2013 ABL\u201c. Aktiv, engagiert und vielf\u00e4ltig \u2013 so pr\u00e4sentieren sich die 22 Kandidierenden der ABL f\u00fcr die Kommunalwahl 2024. Zus\u00e4tzlich zu den vertrauten Gesichtern haben sich weitere Menschen mit interessanten Profilen zusammengefunden. So \u00fcberrascht es wenig, dass auch der Listenname eine Neuerung erf\u00e4hrt und die ABL k\u00fcnftig als \u201eAktive B\u00fcrgerliste \u2013 ABL\u201c ins kommunalpolitische Rennen geht. Der Name ABL ist bei der Kenzinger W\u00e4hlerschaft seit 40 Jahren etabliert \u2013 ein klarer Grund daf\u00fcr, das K\u00fcrzel zu erhalten. Doch \u201ealternativ\u201c sei in der heutigen Zeit keine Option mehr f\u00fcr die ABL, so Fraktionssprecher Georg Beck. \u201eAktiv\u201c hingegen beschreibt die Kandidierenden sehr treffend, denn genau das sind sie: B\u00fcrgerinnen und B\u00fcrger, die sich aktiv f\u00fcr das Wohl der Gemeinde einsetzen und deren Zukunft voranbringen m\u00f6chten. Von der Studentin bis zum Rentner bilden die Profile einen bunten Querschnitt der Gesellschaft ab. Viele von ihnen engagieren sich bereits in unterschiedlichsten Bereichen: Gr\u00fcndungsmitglieder der B\u00fcrgergemeinschaft Kenzingen (BGK) sind an Bord, ebenso Vertreterinnen und Vertreter einer Betreuungs- sowie einer Mobilit\u00e4tsinitiative. Auch zahlreiche Ehren\u00e4mter in gro\u00dfer Vielfalt \u00fcben die Kandidierenden aus, so z. B. Mitarbeit beim Multi-Kulti Caf\u00e9 oder in der B\u00fccherei, Vereinsarbeit etc. Die Liste der ABL ist in folgender Reihung besetzt: Georg Beck, Andrea Bold, Hubert Klimmek, Antje Knapp-Striegel, Robert Richter, Susanne Eckermann, Michael Ohnemus, Julia Kleinst\u00fcck, Tobias Holzer, Antonia H\u00fcbner-Kruzinna, Reinhard Meier-Musahl, Tatjana Gei\u00dfler, Thomas Reichenbach, Bettina M\u00fcller, Hans-J\u00fcrgen van Akkeren, Vanessa Conens, J\u00f6rg Rudolph, \u00c5sa Alderin, Marek T\u00f6bich, Nadine Gunzelmann, Klaus G\u00f6rlitz und Judith Fr\u00fch. Im \u00dcbrigen ist es bei der ABL Tradition, die Liste mit Frauen und M\u00e4nnern durchweg parit\u00e4tisch zu besetzen. Georg Beck dazu: \u201eWir legen schon immer einen gro\u00dfen Wert auf ein ausgeglichenes Geschlechterverh\u00e4ltnis in der ABL. Der Gemeinderat sollte die Gesellschaft widerspiegeln, und wer Frauen im Rat sehen will, der sollte sie auch w\u00e4hlen!\u201cDie Vertreterinnen und Vertreter der \u201eAktiven B\u00fcrgerliste &#8211; ABL\u201c sind allesamt positiv gestimmt f\u00fcr die Kommunalwahl und w\u00fcnschen sich einen fairen Wahlkampf.<\/p>\n","protected":false},"author":1,"featured_media":0,"parent":0,"menu_order":1,"comment_status":"closed","ping_status":"closed","template":"","meta":{"site-sidebar-layout":"no-sidebar","site-content-layout":"","ast-site-content-layout":"full-width-container","site-content-style":"default","site-sidebar-style":"default","ast-global-header-display":"","ast-banner-title-visibility":"","ast-main-header-display":"","ast-hfb-above-header-display":"","ast-hfb-below-header-display":"","ast-hfb-mobile-header-display":"","site-post-title":"disabled","ast-breadcrumbs-content":"","ast-featured-img":"disabled","footer-sml-layout":"","theme-transparent-header-meta":"","adv-header-id-meta":"","stick-header-meta":"","header-above-stick-meta":"","header-main-stick-meta":"","header-below-stick-meta":"","astra-migrate-meta-layouts":"default","ast-page-background-enabled":"default","ast-page-background-meta":{"desktop":{"background-color":"var(--ast-global-color-4)","background-image":"","background-repeat":"repeat","background-position":"center center","background-size":"auto","background-attachment":"scroll","background-type":"","background-media":"","overlay-type":"","overlay-color":"","overlay-opacity":"","overlay-gradient":""},"tablet":{"background-color":"","background-image":"","background-repeat":"repeat","background-position":"center center","background-size":"auto","background-attachment":"scroll","background-type":"","background-media":"","overlay-type":"","overlay-color":"","overlay-opacity":"","overlay-gradient":""},"mobile":{"background-color":"","background-image":"","background-repeat":"repeat","background-position":"center center","background-size":"auto","background-attachment":"scroll","background-type":"","background-media":"","overlay-type":"","overlay-color":"","overlay-opacity":"","overlay-gradient":""}},"ast-content-background-meta":{"desktop":{"background-color":"var(--ast-global-color-5)","background-image":"","background-repeat":"repeat","background-position":"center center","background-size":"auto","background-attachment":"scroll","background-type":"","background-media":"","overlay-type":"","overlay-color":"","overlay-opacity":"","overlay-gradient":""},"tablet":{"background-color":"var(--ast-global-color-5)","background-image":"","background-repeat":"repeat","background-position":"center center","background-size":"auto","background-attachment":"scroll","background-type":"","background-media":"","overlay-type":"","overlay-color":"","overlay-opacity":"","overlay-gradient":""},"mobile":{"background-color":"var(--ast-global-color-5)","background-image":"","background-repeat":"repeat","background-position":"center center","background-size":"auto","background-attachment":"scroll","background-type":"","background-media":"","overlay-type":"","overlay-color":"","overlay-opacity":"","overlay-gradient":""}},"footnotes":""},"class_list":["post-8","page","type-page","status-publish","hentry"],"_links":{"self":[{"href":"https:\/\/www.abl-kenzingen.de\/index.php\/wp-json\/wp\/v2\/pages\/8","targetHints":{"allow":["GET"]}}],"collection":[{"href":"https:\/\/www.abl-kenzingen.de\/index.php\/wp-json\/wp\/v2\/pages"}],"about":[{"href":"https:\/\/www.abl-kenzingen.de\/index.php\/wp-json\/wp\/v2\/types\/page"}],"author":[{"embeddable":true,"href":"https:\/\/www.abl-kenzingen.de\/index.php\/wp-json\/wp\/v2\/users\/1"}],"replies":[{"embeddable":true,"href":"https:\/\/www.abl-kenzingen.de\/index.php\/wp-json\/wp\/v2\/comments?post=8"}],"version-history":[{"count":72,"href":"https:\/\/www.abl-kenzingen.de\/index.php\/wp-json\/wp\/v2\/pages\/8\/revisions"}],"predecessor-version":[{"id":610,"href":"https:\/\/www.abl-kenzingen.de\/index.php\/wp-json\/wp\/v2\/pages\/8\/revisions\/610"}],"wp:attachment":[{"href":"https:\/\/www.abl-kenzingen.de\/index.php\/wp-json\/wp\/v2\/media?parent=8"}],"curies":[{"name":"wp","href":"https:\/\/api.w.org\/{rel}","templated":true}]}}